 by 18?
16
Suppose 3*p = -p + 284. Suppose -2*w + 41 = 3*k, 0 = 4*k - 5*w - 22 - p. Calculate the remainder when k is divided by 6.
5
Let u(y) = -y**2 + 6*y - 3. Let n be u(4). Suppose -5*q = n*m - 55, -29 = -2*m - m - 2*q. Calculate the remainder when 12 is divided by m.
5
Suppose -219 = -3*c - 78. Calculate the remainder when c is divided by 17.
13
Let g(t) = t**2 - 4*t - 3. What is the remainder when 2 is divided by g(5)?
0
Let r(p) be the first derivative of 3*p**2/2 - 2*p - 8. Calculate the remainder when r(4) is divided by 3.
1
Let u = 3 - 3. Suppose k - 3*v - 32 = u, -4*k + 0*k + 117 = -v. Calculate the remainder when k is divided by 10.
9
Suppose -10*i + 7*i = -75. Calculate the remainder when 90 is divided by i.
15
Let z(x) = 11*x**3 - 2*x**2 + 2*x + 2. What is the remainder when z(2) is divided by 18?
14
Suppose 4*a - a = -5*l + 25, -3*l + 15 = -3*a. Let c = 42 - 29. Calculate the remainder when c is divided by l.
3
Suppose 0 = 2*h + 3*h - 70. Calculate the remainder when 53 is divided by h.
11
Suppose -z = -4*w + 6, 14 = z + 2*z + 4*w. Let a = 6 - 1. Calculate the remainder when a is divided by z.
1
Let j = -3 - -11. Calculate the remainder when 13 is divided by j.
5
Suppose -10 = -2*x + 32. What is the remainder when x is divided by 11?
10
Let i be 3/3 - 6/(-2). Suppose -3*u + 8 = -4. Suppose 3*g + g - 64 = -u*f, 64 = i*g - 4*f. What is the remainder when g is divided by 6?
4
Suppose -n + 1 = x - 9, 0 = x + 4*n - 25. Let h = -2 - -2. Suppose h = i - x - 0. What is the remainder when i is divided by 3?
2
Suppose -13 = 5*n - 58. Calculate the remainder when 23 is divided by n.
5
Suppose 7*v - 2*v - 17 = g, -4*g - 3*v + 47 = 0. Let k(b) = -5*b. Calculate the remainder when g is divided by k(-1).
3
Suppose 52 = 10*t - 8*t. Let n be (6/(-2))/(1/(-3)). Suppose -3*u = 0, r - 2*u + 3*u = n. Calculate the remainder when t is divided by r.
8
Let f be (0 + 1)/(1/(-19)). Let s = f + 34. Let g = -11 + s. What is the remainder when g is divided by 2?
0
Suppose -2 = -2*d + 28. Calculate the remainder when 59 is divided by d.
14
Let n be 32/6 - (-4)/6. Suppose 0 = -2*g + n*g - 16. What is the remainder when (2/g)/((-2)/(-112)) is divided by 10?
8
Let r(a) = -a**2 - 7*a - 6. Calculate the remainder when ((-4)/(-6))/((-3)/(-63)) - -3 is divided by r(-4).
5
Let g = 9 + -5. Let d(j) = j. Calculate the remainder when 11/4*1*4 is divided by d(g).
3
Suppose -25 = 5*j - 6*j. Calculate the remainder when j is divided by 14.
11
Let i = 25 - 11. Let t = i + -1. What is the remainder when t is divided by 7?
6
Suppose -s + f + 3*f - 6 = 0, 5*s + 4*f = 90. Let d be (-7 - -6)/((-1)/4). Suppose 6*i - d*i = 78. What is the remainder when i is divided by s?
11
Suppose -j + 23 = -9. Let v = 2 - -9. What is the remainder when j is divided by v?
10
Let x(g) = -g + 13. What is the remainder when 46 is divided by x(7)?
4
Let q be (-10)/(-25) + (-43)/(-5). Let m(s) = -s**2 - 11*s - 10. Calculate the remainder when 106*(q/(-6))/(-3) is divided by m(-7).
17
Suppose 3*w + 2*j - 133 = 0, 2*j = -w - 0*j + 39. Suppose -w = -4*k + 5*h, -3*k + 44 = k - 4*h. What is the remainder when 21 is divided by k?
5
Let p(r) = r**2 - 6*r + 2. Let m(t) = t**3 + 7*t**2 - 10*t + 1. What is the remainder when m(-8) is divided by p(7)?
8
Suppose -3*p = -8*p. Suppose p*i - i = -4. Calculate the remainder when i is divided by 3.
1
Suppose 4*q = 34 + 22. Let f(k) = 7*k - 9. Let r be f(9). What is the remainder when (r/4)/(5/10) is divided by q?
13
Suppose -52 - 47 = -4*t + b, -3*b = -3. Calculate the remainder when ((-3)/2)/((-2)/8) is divided by ((-10)/t)/((-2)/10).
0
Let p = -35 - -53. Calculate the remainder when 105 is divided by p.
15
Suppose -2*q + 5*o + 21 = 0, 3*q - 83 + 32 = o. What is the remainder when 33 is divided by q?
15
Let l(d) = d**3 + 2*d**2 + 5. Let o be l(0). Suppose -o*r + 2*r + 36 = 0. Calculate the remainder when 34 is divided by r.
10
Suppose -7*c - 8 = -57. Calculate the remainder when 11 is divided by c.
4
Suppose 406 = -9*x + 1909. Calculate the remainder when x is divided by 12.
11
Suppose 2*n - 5 - 3 = 0. Suppose j = -h + 4, -2*h = -2*j + 18 + 2. What is the remainder when j is divided by n?
3
Let z(f) be the third derivative of f**6/120 - f**4/12 + f**3/6 - f**2. Let a = -11 - -13. What is the remainder when 9 is divided by z(a)?
4
Let z = -8 - -5. Let u = -3 - z. Suppose u = -m + 2*m - 34. What is the remainder when m is divided by 12?
10
Suppose 4*x = -2*r + 138, -2*r + 67 = -3*x + 188. Calculate the remainder when 184 is divided by x.
36
Let w(p) = -p**3 - 5*p**2 + 7*p - 11. Let i = -1 - -1. What is the remainder when w(-7) is divided by i + (2 - 22/(-2))?
12
Suppose -r + 14 = 4*b, -3*b + b + 10 = -r. Let q = b + 0. Suppose 5*o - 55 = -w - 20, -20 = q*w. What is the remainder when 22 is divided by o?
6
Let c(m) = m**3 - 2*m**2 + m - 4. Calculate the remainder when 13 is divided by c(3).
5
Let z be (-4)/14 - 102/(-14). Suppose z*u = 5*u + 90. Calculate the remainder when u is divided by 12.
9
Suppose -3*t - u - 1 + 6 = 0, -5*t + 4*u = -31. What is the remainder when (t - 2)/((-1)/(-5)) is divided by 2?
1
Calculate the remainder when (1 - 0)*(-2)/((-2)/107) is divided by 56.
51
Let w = 69 + -37. Calculate the remainder when w is divided by 5.
2
Let g(v) = 54*v - 3. What is the remainder when g(2) is divided by 18?
15
Let k = 6 - 4. Suppose 0 = -2*r - k*r + 56. Let g = -63 - -90. Calculate the remainder when g is divided by r.
13
Let i be (-1)/1 + (-1 - -1). Let q be i - -27*(-2)/2. Let c = 54 + q. Calculate the remainder when c is divided by 9.
8
Let c(b) be the first derivative of -1/4*b**4 + 8/3*b**3 - 5*b + 6*b**2 - 3. What is the remainder when c(9) is divided by 8?
6
Let w be ((-5)/(-2))/((-2)/4). Let o = w - -15. What is the remainder when o is divided by 6?
4
Suppose 5*h = 71 - 11. Calculate the remainder when 53 is divided by h.
5
Calculate the remainder when (-4 - -1)*-10 - (-15)/15 is divided by 6.
1
Let r(n) = -5*n**2 - 3*n + 2. Let k(q) = 25*q**2 + 16*q - 10. Let m(c) = -2*k(c) - 11*r(c). Calculate the remainder when m(4) is divided by 28.
26
Let b(l) = 8*l**2 + l. What is the remainder when b(-1) is divided by 4?
3
Let r = -110 + 121. What is the remainder when 64 is divided by r?
9
Let f(o) = -21*o + 1. Let y be f(-3). What is the remainder when 17 is divided by 5/(-35) - y/(-7)?
8
Let z(x) = x**3 - 6*x**2 + 2*x - 5. Calculate the remainder when 20 is divided by z(6).
6
Calculate the remainder when ((-47)/(-3))/((-9)/(-27)) is divided by 118/10 - 2/(-10).
11
Let n = 53 - -1. Suppose 0 = -3*q + 2*q + 5*m + n, -q - 5*m + 4 = 0. What is the remainder when q is divided by 8?
5
Suppose 4*r + 12 = 8*r. Let o(q) = q**3 - 2*q**2 + 2*q + 4. Calculate the remainder when 55 is divided by o(r).
17
Let d be (3 - 9)*(-50)/3. Suppose d = 3*w + 2*w. What is the remainder when w is divided by 7?
6
Let t(f) = -11*f - 3. What is the remainder when 74 is divided by t(-2)?
17
Let l = -35 + 17. Let m = 40 + l. What is the remainder when m is divided by 12?
10
Let v(t) = 8*t + 2. Let k be v(6). Suppose k = 5*a - 3*a. Let p(z) = 2*z**3 - 2*z**2 + 2*z - 3. What is the remainder when a is divided by p(2)?
7
Let r(j) = -7*j**3 - j. Let o = 1 - 2. Calculate the remainder when 31 is divided by r(o).
7
What is the remainder when 107 is divided by (-770)/(-28)*4/5?
19
Suppose 2*r + 5*g - 59 = -0*g, 0 = r + g - 25. Calculate the remainder when r is divided by 6.
4
Suppose 4*o = -3*b + 53, 0*b = 2*b + 3*o - 37. What is the remainder when 42 is divided by b?
9
Let z(k) = -k**3 - 6*k**2 - 8*k - 1. Let q be 62/(-10) + 1/5. What is the remainder when z(q) is divided by 12?
11
Let m(p) = -p**3 + 8*p**2 + 10*p - 5. Suppose -1 = h - 5. Suppose -4*y - h = -16. What is the remainder when m(9) is divided by y?
1
What is the remainder when -143*(16/(-14) + (-8)/(-56)) is divided by 29?
27
Let b = 38 + -23. Suppose 0 = 4*j - 7*j + b. Suppose 4*u - 30 = -t, 1 = -t - j*u + 33. What is the remainder when t is divided by 12?
10
Suppose -8*p = 3*p - 44. Calculate the remainder when p is divided by 3.
1
Suppose 53 + 139 = 6*n. What is the remainder when n is divided by 12?
8
Suppose 2*m - 2 = -r, -2*m = 4*r - 7*m - 73. Calculate the remainder when 21 is divided by r.
9
Let q = 0 - 0. Suppose 4*o +